 remainder when 7525308 is divided by 541.
539
Calculate the remainder when 1421470 is divided by 9611.
8653
What is the remainder when 15701468 is divided by 3350?
18
Calculate the remainder when 23236 is divided by 5108.
2804
What is the remainder when 9458422 is divided by 9458241?
181
What is the remainder when 16351886 is divided by 63?
47
What is the remainder when 166453 is divided by 806?
417
Calculate the remainder when 12000467 is divided by 25.
17
What is the remainder when 60063175 is divided by 493?
492
What is the remainder when 70002 is divided by 17032?
1874
Calculate the remainder when 262047 is divided by 2166.
2127
Calculate the remainder when 3658720 is divided by 5690.
50
What is the remainder when 345938 is divided by 8621?
1098
Calculate the remainder when 18302125 is divided by 45.
40
Calculate the remainder when 912876 is divided by 956.
852
Calculate the remainder when 85859 is divided by 270.
269
Calculate the remainder when 1862978 is divided by 51.
50
Calculate the remainder when 138759586 is divided by 431.
429
What is the remainder when 296244 is divided by 503?
480
Calculate the remainder when 141716 is divided by 8.
4
Calculate the remainder when 2711379 is divided by 457.
455
What is the remainder when 44575159 is divided by 22287567?
25
Calculate the remainder when 32989 is divided by 6568.
149
What is the remainder when 669534 is divided by 181?
15
Calculate the remainder when 1042298 is divided by 1657.
45
What is the remainder when 6484455 is divided by 49?
40
What is the remainder when 773780 is divided by 129?
38
What is the remainder when 82856 is divided by 4603?
2
Calculate the remainder when 178203699 is divided by 6081.
6075
Calculate the remainder when 98417 is divided by 49113.
191
What is the remainder when 204383 is divided by 1984?
31
What is the remainder when 90445 is divided by 1027?
69
What is the remainder when 5947965 is divided by 60?
45
Calculate the remainder when 113257 is divided by 2129.
420
What is the remainder when 17366143 is divided by 2419?
142
What is the remainder when 425133 is divided by 70777?
471
Calculate the remainder when 9457 is divided by 135.
7
What is the remainder when 435244 is divided by 2916?
760
Calculate the remainder when 381494 is divided by 6153.
8
Calculate the remainder when 542979 is divided by 270.
9
What is the remainder when 609483299 is divided by 51?
47
Calculate the remainder when 305177 is divided by 264.
257
Calculate the remainder when 1298166 is divided by 1298137.
29
Calculate the remainder when 25307302 is divided by 443.
41
What is the remainder when 19423037 is divided by 1015?
1012
Calculate the remainder when 144484 is divided by 7974.
952
Calculate the remainder when 7938 is divided by 23.
3
What is the remainder when 465231 is divided by 17891?
65
Calculate the remainder when 157551161 is divided by 5946.
5945
What is the remainder when 13654833 is divided by 3222?
3219
What is the remainder when 376234 is divided by 125233?
535
What is the remainder when 18509161 is divided by 49?
48
What is the remainder when 93842 is divided by 18747?
107
What is the remainder when 195738 is divided by 5146?
190
What is the remainder when 2538269 is divided by 1625?
19
Calculate the remainder when 57486356 is divided by 212.
12
Calculate the remainder when 91382 is divided by 2412.
2138
What is the remainder when 22182888 is divided by 17?
13
What is the remainder when 131170 is divided by 634?
566
Calculate the remainder when 3653191 is divided by 13236.
55
What is the remainder when 76093 is divided by 2683?
969
Calculate the remainder when 48755840 is divided by 1044.
1040
Calculate the remainder when 23392564 is divided by 3341794.
6
What is the remainder when 65342248 is divided by 5318?
5300
Calculate the remainder when 23496010 is divided by 3110.
3070
Calculate the remainder when 1038199 is divided by 345688.
1135
What is the remainder when 10338714 is divided by 1767?
1764
Calculate the remainder when 369648 is divided by 98.
90
Calculate the remainder when 11966805 is divided by 490.
25
What is the remainder when 85464243 is divided by 245?
158
Calculate the remainder when 32007081 is divided by 177.
171
What is the remainder when 322411868 is divided by 9?
8
Calculate the remainder when 42389357 is divided by 2.
1
What is the remainder when 4565588 is divided by 341?
280
Calculate the remainder when 1071278 is divided by 6956.
54
What is the remainder when 339185 is divided by 358?
159
What is the remainder when 695345 is divided by 35?
0
What is the remainder when 1330986 is divided by 9373?
20
What is the remainder when 20446473 is divided by 231?
201
Calculate the remainder when 5430104 is divided by 3.
2
What is the remainder when 34334 is divided by 1534?
586
Calculate the remainder when 3525844 is divided by 2450.
294
What is the remainder when 12009 is divided by 11684?
325
What is the remainder when 107908 is divided by 2669?
1148
Calculate the remainder when 2146276 is divided by 44714.
4
What is the remainder when 109754 is divided by 8438?
60
What is the remainder when 130505255 is divided by 1307?
1305
What is the remainder when 7084690 is divided by 52479?
25
Calculate the remainder when 191547 is divided by 302.
79
Calculate the remainder when 26350 is divided by 625.
100
What is the remainder when 51812681 is divided by 6849?
6845
What is the remainder when 3714875 is divided by 1786?
1781
What is the remainder when 1939670 is divided by 969767?
136
Calculate the remainder when 526237 is divided by 592.
541
What is the remainder when 10147317 is divided by 4575?
4542
Calculate the remainder when 981745 is divided by 22831.
12
What is the remainder when 794693 is divided by 22?
9
Calculate the remainder when 819175 is divided by 110.
5
What is the remainder when 24900 is divided by 4067?
498
What is the remainder when 776871 is divided by 1948?
1567
What is the remainder when 2269159 is divided by 376?
375
What is the remainder when 5384179 is divided by 239?
226
Calculate the remainder when 4693 is divided by 674.
649
Calculate the remainder when 10844 is divided by 87.
56
What is the remainder when 3243322 is divided by 1081099?
25
Calculate the remainder when 9458888 is divided by 80160.
8
What is the remainder when 297504 is divided by 4573?
259
What is the remainder when 6941163 is divided by 393?
390
What is the remainder when 68846 is divided by 72?
14
Calculate the remainder when 20805123 is divided by 1061.
1035
What is the remainder when 445671 is divided by 63666?
9
Calculate the remainder when 105664 is divided by 1272.
88
Calculate the remainder when 13554757 is divided by 24.
13
What is the remainder when 135409 is divided by 16906?
161
Calculate the remainder when 87311 is divided by 331.
258
Calculate the remainder when 4697603 is divided by 506.
405
What is the remainder when 1402938 is divided by 510?
438
What is the remainder when 90287 is divided by 2579?
22
What is the remainder when 10314788 is divided by 163?
148
What is the remainder when 84183 is divided by 1477?
1471
What is the remainder when 8212137 is divided by 72?
33
What is the remainder when 1414508 is divided by 38?
34
What is the remainder when 3634901 is divided by 67?
17
Calculate the remainder when 92808291 is divided by 8787.
8784
Calculate the remainder when 203579623 is divided by 74.
73
Calculate the remainder when 10513 is divided by 201.
61
What is the remainder when 94927 is divided by 4744?
47
What is the remainder when 249181675 is divided by 6512?
6507
What is the remainder when 20647674 is divided by 28?
26
What is the remainder when 138060 is divided by 63?
27
Calculate the remainder when 1990306 is divided by 48542.
84
Calculate the remainder when 1419193 is divided by 651.
13
Calculate the remainder when 7880818 is divided by 7772.
10
What is the remainder when 555459 is divided by 185114?
117
What is the remainder when 324262996 is divided by 1720?
1716
What is the remainder when 8146301 is divided by 1563?
1508
Calculate the remainder when 446234 is divided by 89241.
29
Calculate the remainder when 17452 is divided by 39.
19
Calculate the remainder when 759622 is divided by 6.
4
Calculate the remainder when 82931 is